{"id":96742,"date":"2023-04-21T19:10:41","date_gmt":"2023-04-21T17:10:41","guid":{"rendered":"https:\/\/zam.novoterm.pl\/index.php\/produkt\/kabina-prysznicowa-pieciokatna-kora-90-zlota\/"},"modified":"2026-04-08T01:31:57","modified_gmt":"2026-04-07T23:31:57","slug":"kabina-prysznicowa-pieciokatna-kora-90-zlota","status":"publish","type":"product","link":"https:\/\/zam.novoterm.pl\/index.php\/produkt\/kabina-prysznicowa-pieciokatna-kora-90-zlota\/","title":{"rendered":"Kabina prysznicowa pi\u0119ciok\u0105tna Kora 90 Z\u0142ota"},"content":{"rendered":"","protected":false},"excerpt":{"rendered":"","protected":false},"featured_media":130648,"comment_status":"closed","ping_status":"open","template":"","meta":[],"product_cat":[780,781,748],"product_tag":[],"_links":{"self":[{"href":"https:\/\/zam.novoterm.pl\/index.php\/wp-json\/wp\/v2\/product\/96742"}],"collection":[{"href":"https:\/\/zam.novoterm.pl\/index.php\/wp-json\/wp\/v2\/product"}],"about":[{"href":"https:\/\/zam.novoterm.pl\/index.php\/wp-json\/wp\/v2\/types\/product"}],"replies":[{"embeddable":true,"href":"https:\/\/zam.novoterm.pl\/index.php\/wp-json\/wp\/v2\/comments?post=96742"}],"wp:featuredmedia":[{"embeddable":true,"href":"https:\/\/zam.novoterm.pl\/index.php\/wp-json\/wp\/v2\/media\/130648"}],"wp:attachment":[{"href":"https:\/\/zam.novoterm.pl\/index.php\/wp-json\/wp\/v2\/media?parent=96742"}],"wp:term":[{"taxonomy":"product_cat","embeddable":true,"href":"https:\/\/zam.novoterm.pl\/index.php\/wp-json\/wp\/v2\/product_cat?post=96742"},{"taxonomy":"product_tag","embeddable":true,"href":"https:\/\/zam.novoterm.pl\/index.php\/wp-json\/wp\/v2\/product_tag?post=96742"}],"curies":[{"name":"wp","href":"https:\/\/api.w.org\/{rel}","templated":true}]}}