{"id":87139,"date":"2022-07-21T14:30:36","date_gmt":"2022-07-21T12:30:36","guid":{"rendered":"https:\/\/zam.novoterm.pl\/index.php\/produkt\/brodzik-uniwersalny-polokragly-90x90cm-alan\/"},"modified":"2026-04-14T17:40:20","modified_gmt":"2026-04-14T15:40:20","slug":"brodzik-uniwersalny-polokragly-90x90cm-alan","status":"publish","type":"product","link":"https:\/\/zam.novoterm.pl\/index.php\/produkt\/brodzik-uniwersalny-polokragly-90x90cm-alan\/","title":{"rendered":"Brodzik uniwersalny p\u00f3\u0142okr\u0105g\u0142y 90x90cm Alan"},"content":{"rendered":"","protected":false},"excerpt":{"rendered":"","protected":false},"featured_media":124691,"comment_status":"closed","ping_status":"open","template":"","meta":[],"product_cat":[784,785,780,748],"product_tag":[],"_links":{"self":[{"href":"https:\/\/zam.novoterm.pl\/index.php\/wp-json\/wp\/v2\/product\/87139"}],"collection":[{"href":"https:\/\/zam.novoterm.pl\/index.php\/wp-json\/wp\/v2\/product"}],"about":[{"href":"https:\/\/zam.novoterm.pl\/index.php\/wp-json\/wp\/v2\/types\/product"}],"replies":[{"embeddable":true,"href":"https:\/\/zam.novoterm.pl\/index.php\/wp-json\/wp\/v2\/comments?post=87139"}],"wp:featuredmedia":[{"embeddable":true,"href":"https:\/\/zam.novoterm.pl\/index.php\/wp-json\/wp\/v2\/media\/124691"}],"wp:attachment":[{"href":"https:\/\/zam.novoterm.pl\/index.php\/wp-json\/wp\/v2\/media?parent=87139"}],"wp:term":[{"taxonomy":"product_cat","embeddable":true,"href":"https:\/\/zam.novoterm.pl\/index.php\/wp-json\/wp\/v2\/product_cat?post=87139"},{"taxonomy":"product_tag","embeddable":true,"href":"https:\/\/zam.novoterm.pl\/index.php\/wp-json\/wp\/v2\/product_tag?post=87139"}],"curies":[{"name":"wp","href":"https:\/\/api.w.org\/{rel}","templated":true}]}}