{"id":86615,"date":"2022-07-21T14:20:15","date_gmt":"2022-07-21T12:20:15","guid":{"rendered":"https:\/\/zam.novoterm.pl\/index.php\/produkt\/lampa-led-do-okapu-focus-modo-biala-barwa-swiatla-l09\/"},"modified":"2026-04-08T01:30:19","modified_gmt":"2026-04-07T23:30:19","slug":"lampa-led-do-okapu-focus-modo-biala-barwa-swiatla-l09","status":"publish","type":"product","link":"https:\/\/zam.novoterm.pl\/index.php\/produkt\/lampa-led-do-okapu-focus-modo-biala-barwa-swiatla-l09\/","title":{"rendered":"lampa LED do okapu Focus &#8222;Modo&#8221; &#8211; bia\u0142a barwa \u015bwiat\u0142a (L09)"},"content":{"rendered":"","protected":false},"excerpt":{"rendered":"","protected":false},"featured_media":137320,"comment_status":"closed","ping_status":"open","template":"","meta":[],"product_cat":[842,728],"product_tag":[],"_links":{"self":[{"href":"https:\/\/zam.novoterm.pl\/index.php\/wp-json\/wp\/v2\/product\/86615"}],"collection":[{"href":"https:\/\/zam.novoterm.pl\/index.php\/wp-json\/wp\/v2\/product"}],"about":[{"href":"https:\/\/zam.novoterm.pl\/index.php\/wp-json\/wp\/v2\/types\/product"}],"replies":[{"embeddable":true,"href":"https:\/\/zam.novoterm.pl\/index.php\/wp-json\/wp\/v2\/comments?post=86615"}],"wp:featuredmedia":[{"embeddable":true,"href":"https:\/\/zam.novoterm.pl\/index.php\/wp-json\/wp\/v2\/media\/137320"}],"wp:attachment":[{"href":"https:\/\/zam.novoterm.pl\/index.php\/wp-json\/wp\/v2\/media?parent=86615"}],"wp:term":[{"taxonomy":"product_cat","embeddable":true,"href":"https:\/\/zam.novoterm.pl\/index.php\/wp-json\/wp\/v2\/product_cat?post=86615"},{"taxonomy":"product_tag","embeddable":true,"href":"https:\/\/zam.novoterm.pl\/index.php\/wp-json\/wp\/v2\/product_tag?post=86615"}],"curies":[{"name":"wp","href":"https:\/\/api.w.org\/{rel}","templated":true}]}}