{"id":86512,"date":"2022-07-21T14:18:19","date_gmt":"2022-07-21T12:18:19","guid":{"rendered":"https:\/\/zam.novoterm.pl\/index.php\/produkt\/przylacze-weza-uchwyt-sluchawki-do-kabiny-panelu-kerra-bjorg-twin-spa-aquila-enzo-niels-vincent\/"},"modified":"2026-04-08T01:10:48","modified_gmt":"2026-04-07T23:10:48","slug":"przylacze-weza-uchwyt-sluchawki-do-kabiny-panelu-kerra-bjorg-twin-spa-aquila-enzo-niels-vincent","status":"publish","type":"product","link":"https:\/\/zam.novoterm.pl\/index.php\/produkt\/przylacze-weza-uchwyt-sluchawki-do-kabiny-panelu-kerra-bjorg-twin-spa-aquila-enzo-niels-vincent\/","title":{"rendered":"przy\u0142\u0105cze w\u0119\u017ca\/uchwyt s\u0142uchawki do kabiny\/panelu Kerra &#8222;Bjorg\/Twin\/Spa\/Aquila\/Enzo\/Niels\/Vincent&#8221;"},"content":{"rendered":"","protected":false},"excerpt":{"rendered":"","protected":false},"featured_media":128685,"comment_status":"closed","ping_status":"open","template":"","meta":[],"product_cat":[728,731,735],"product_tag":[],"_links":{"self":[{"href":"https:\/\/zam.novoterm.pl\/index.php\/wp-json\/wp\/v2\/product\/86512"}],"collection":[{"href":"https:\/\/zam.novoterm.pl\/index.php\/wp-json\/wp\/v2\/product"}],"about":[{"href":"https:\/\/zam.novoterm.pl\/index.php\/wp-json\/wp\/v2\/types\/product"}],"replies":[{"embeddable":true,"href":"https:\/\/zam.novoterm.pl\/index.php\/wp-json\/wp\/v2\/comments?post=86512"}],"wp:featuredmedia":[{"embeddable":true,"href":"https:\/\/zam.novoterm.pl\/index.php\/wp-json\/wp\/v2\/media\/128685"}],"wp:attachment":[{"href":"https:\/\/zam.novoterm.pl\/index.php\/wp-json\/wp\/v2\/media?parent=86512"}],"wp:term":[{"taxonomy":"product_cat","embeddable":true,"href":"https:\/\/zam.novoterm.pl\/index.php\/wp-json\/wp\/v2\/product_cat?post=86512"},{"taxonomy":"product_tag","embeddable":true,"href":"https:\/\/zam.novoterm.pl\/index.php\/wp-json\/wp\/v2\/product_tag?post=86512"}],"curies":[{"name":"wp","href":"https:\/\/api.w.org\/{rel}","templated":true}]}}