{"id":85606,"date":"2022-07-21T14:08:17","date_gmt":"2022-07-21T12:08:17","guid":{"rendered":"https:\/\/zam.novoterm.pl\/index.php\/produkt\/uchwyt-przelacznika-funkcji-do-kabiny-hydromasazowej-kerra-leticia-kornelia-cristina-carlos-faro-kalina-maxi-santos-tuluza\/"},"modified":"2026-04-08T01:10:45","modified_gmt":"2026-04-07T23:10:45","slug":"uchwyt-przelacznika-funkcji-do-kabiny-hydromasazowej-kerra-leticia-kornelia-cristina-carlos-faro-kalina-maxi-santos-tuluza","status":"publish","type":"product","link":"https:\/\/zam.novoterm.pl\/index.php\/produkt\/uchwyt-przelacznika-funkcji-do-kabiny-hydromasazowej-kerra-leticia-kornelia-cristina-carlos-faro-kalina-maxi-santos-tuluza\/","title":{"rendered":"uchwyt prze\u0142\u0105cznika funkcji do kabiny hydromasa\u017cowej Kerra &#8222;Leticia\/Kornelia\/Cristina\/Carlos\/Faro\/Kalina\/Maxi+\/Santos\/Tuluza&#8221;"},"content":{"rendered":"","protected":false},"excerpt":{"rendered":"","protected":false},"featured_media":128164,"comment_status":"closed","ping_status":"open","template":"","meta":[],"product_cat":[728,731],"product_tag":[],"_links":{"self":[{"href":"https:\/\/zam.novoterm.pl\/index.php\/wp-json\/wp\/v2\/product\/85606"}],"collection":[{"href":"https:\/\/zam.novoterm.pl\/index.php\/wp-json\/wp\/v2\/product"}],"about":[{"href":"https:\/\/zam.novoterm.pl\/index.php\/wp-json\/wp\/v2\/types\/product"}],"replies":[{"embeddable":true,"href":"https:\/\/zam.novoterm.pl\/index.php\/wp-json\/wp\/v2\/comments?post=85606"}],"wp:featuredmedia":[{"embeddable":true,"href":"https:\/\/zam.novoterm.pl\/index.php\/wp-json\/wp\/v2\/media\/128164"}],"wp:attachment":[{"href":"https:\/\/zam.novoterm.pl\/index.php\/wp-json\/wp\/v2\/media?parent=85606"}],"wp:term":[{"taxonomy":"product_cat","embeddable":true,"href":"https:\/\/zam.novoterm.pl\/index.php\/wp-json\/wp\/v2\/product_cat?post=85606"},{"taxonomy":"product_tag","embeddable":true,"href":"https:\/\/zam.novoterm.pl\/index.php\/wp-json\/wp\/v2\/product_tag?post=85606"}],"curies":[{"name":"wp","href":"https:\/\/api.w.org\/{rel}","templated":true}]}}