{"id":85571,"date":"2022-07-21T14:07:46","date_gmt":"2022-07-21T12:07:46","guid":{"rendered":"https:\/\/zam.novoterm.pl\/index.php\/produkt\/uchwyt-przelacznika-funkcji-do-kabiny-hydromasazowej-kerra-karolina-lisa-oviedo-paulina-strada-vigo-carina-gibraltar-ivo-jukon-mia-mocca-presto-silver-prime\/"},"modified":"2026-04-08T01:10:46","modified_gmt":"2026-04-07T23:10:46","slug":"uchwyt-przelacznika-funkcji-do-kabiny-hydromasazowej-kerra-karolina-lisa-oviedo-paulina-strada-vigo-carina-gibraltar-ivo-jukon-mia-mocca-presto-silver-prime","status":"publish","type":"product","link":"https:\/\/zam.novoterm.pl\/index.php\/produkt\/uchwyt-przelacznika-funkcji-do-kabiny-hydromasazowej-kerra-karolina-lisa-oviedo-paulina-strada-vigo-carina-gibraltar-ivo-jukon-mia-mocca-presto-silver-prime\/","title":{"rendered":"uchwyt prze\u0142\u0105cznika funkcji do kabiny hydromasa\u017cowej Kerra &#8222;Karolina\/Lisa\/Oviedo\/Paulina\/Strada\/Vigo\/Carina\/Gibraltar\/IVO\/Jukon\/Mia\/Mocca\/Presto\/Silver Prime&#8221;"},"content":{"rendered":"","protected":false},"excerpt":{"rendered":"","protected":false},"featured_media":128127,"comment_status":"closed","ping_status":"open","template":"","meta":[],"product_cat":[728,731],"product_tag":[],"_links":{"self":[{"href":"https:\/\/zam.novoterm.pl\/index.php\/wp-json\/wp\/v2\/product\/85571"}],"collection":[{"href":"https:\/\/zam.novoterm.pl\/index.php\/wp-json\/wp\/v2\/product"}],"about":[{"href":"https:\/\/zam.novoterm.pl\/index.php\/wp-json\/wp\/v2\/types\/product"}],"replies":[{"embeddable":true,"href":"https:\/\/zam.novoterm.pl\/index.php\/wp-json\/wp\/v2\/comments?post=85571"}],"wp:featuredmedia":[{"embeddable":true,"href":"https:\/\/zam.novoterm.pl\/index.php\/wp-json\/wp\/v2\/media\/128127"}],"wp:attachment":[{"href":"https:\/\/zam.novoterm.pl\/index.php\/wp-json\/wp\/v2\/media?parent=85571"}],"wp:term":[{"taxonomy":"product_cat","embeddable":true,"href":"https:\/\/zam.novoterm.pl\/index.php\/wp-json\/wp\/v2\/product_cat?post=85571"},{"taxonomy":"product_tag","embeddable":true,"href":"https:\/\/zam.novoterm.pl\/index.php\/wp-json\/wp\/v2\/product_tag?post=85571"}],"curies":[{"name":"wp","href":"https:\/\/api.w.org\/{rel}","templated":true}]}}