{"id":85116,"date":"2022-07-21T14:02:27","date_gmt":"2022-07-21T12:02:27","guid":{"rendered":"https:\/\/zam.novoterm.pl\/index.php\/produkt\/waz-natryskowy-do-kabiny-hydromasazowej-panelu-prysznicowego-kerra-150-cm-1-2-classic-p-135-claire-xl-miranda-bjorg-faro-twin-lena-n10-n11-moonlight-cleo-tore-marika-bella-denis-fantasia-mocca-malag\/"},"modified":"2026-04-15T01:11:10","modified_gmt":"2026-04-14T23:11:10","slug":"waz-natryskowy-do-kabiny-hydromasazowej-panelu-prysznicowego-kerra-150-cm-1-2-classic-p-135-claire-xl-miranda-bjorg-faro-twin-lena-n10-n11-moonlight-cleo-tore-marika-bella-denis-fantasia-mocca-malag","status":"publish","type":"product","link":"https:\/\/zam.novoterm.pl\/index.php\/produkt\/waz-natryskowy-do-kabiny-hydromasazowej-panelu-prysznicowego-kerra-150-cm-1-2-classic-p-135-claire-xl-miranda-bjorg-faro-twin-lena-n10-n11-moonlight-cleo-tore-marika-bella-denis-fantasia-mocca-malag\/","title":{"rendered":"W\u0105\u017c natryskowy do kabiny hydromasa\u017cowej\/panelu prysznicowego Kerra 150 cm 1\/2&#8243;-&#8222;Classic\/P 135\/Claire\/XL\/Miranda\/Bjorg\/Faro\/Twin\/Lena\/N10\/N11\/Moonlight\/Cleo\/Tore\/Marika\/Bella\/Denis\/Fantasia\/Mocca\/Malaga&#8221;"},"content":{"rendered":"","protected":false},"excerpt":{"rendered":"","protected":false},"featured_media":127859,"comment_status":"closed","ping_status":"open","template":"","meta":[],"product_cat":[730,728,731,737,735,736,743],"product_tag":[],"_links":{"self":[{"href":"https:\/\/zam.novoterm.pl\/index.php\/wp-json\/wp\/v2\/product\/85116"}],"collection":[{"href":"https:\/\/zam.novoterm.pl\/index.php\/wp-json\/wp\/v2\/product"}],"about":[{"href":"https:\/\/zam.novoterm.pl\/index.php\/wp-json\/wp\/v2\/types\/product"}],"replies":[{"embeddable":true,"href":"https:\/\/zam.novoterm.pl\/index.php\/wp-json\/wp\/v2\/comments?post=85116"}],"wp:featuredmedia":[{"embeddable":true,"href":"https:\/\/zam.novoterm.pl\/index.php\/wp-json\/wp\/v2\/media\/127859"}],"wp:attachment":[{"href":"https:\/\/zam.novoterm.pl\/index.php\/wp-json\/wp\/v2\/media?parent=85116"}],"wp:term":[{"taxonomy":"product_cat","embeddable":true,"href":"https:\/\/zam.novoterm.pl\/index.php\/wp-json\/wp\/v2\/product_cat?post=85116"},{"taxonomy":"product_tag","embeddable":true,"href":"https:\/\/zam.novoterm.pl\/index.php\/wp-json\/wp\/v2\/product_tag?post=85116"}],"curies":[{"name":"wp","href":"https:\/\/api.w.org\/{rel}","templated":true}]}}