{"id":85082,"date":"2022-07-21T14:01:53","date_gmt":"2022-07-21T12:01:53","guid":{"rendered":"https:\/\/zam.novoterm.pl\/index.php\/produkt\/przylacze-weza-natryskowego-do-kabiny-hydromasazowej-panelu-kerra-karolina-lisa-oviedo-leticia-paulina-strada-vigo-carina-carlos-fantasia-faro-gibraltar-ivo-juan-jukon-laura-lena-malaga-mia-miranda-p\/"},"modified":"2026-04-08T08:29:55","modified_gmt":"2026-04-08T06:29:55","slug":"przylacze-weza-natryskowego-do-kabiny-hydromasazowej-panelu-kerra-karolina-lisa-oviedo-leticia-paulina-strada-vigo-carina-carlos-fantasia-faro-gibraltar-ivo-juan-jukon-laura-lena-malaga-mia-miranda-p","status":"publish","type":"product","link":"https:\/\/zam.novoterm.pl\/index.php\/produkt\/przylacze-weza-natryskowego-do-kabiny-hydromasazowej-panelu-kerra-karolina-lisa-oviedo-leticia-paulina-strada-vigo-carina-carlos-fantasia-faro-gibraltar-ivo-juan-jukon-laura-lena-malaga-mia-miranda-p\/","title":{"rendered":"przy\u0142\u0105cze w\u0119\u017ca natryskowego do kabiny hydromasa\u017cowej\/panelu Kerra &#8222;Karolina\/Lisa\/Oviedo\/Leticia\/Paulina\/Strada\/Vigo\/Carina\/Carlos\/Fantasia\/Faro\/Gibraltar\/IVO\/Juan\/Jukon\/Laura\/Lena\/Malaga\/MIA\/Miranda\/P 135\/Pedros\/Presto\/Rita\/Sena\/XL\/Moonlight\/N10\/N11&#8221;"},"content":{"rendered":"","protected":false},"excerpt":{"rendered":"","protected":false},"featured_media":127838,"comment_status":"closed","ping_status":"open","template":"","meta":[],"product_cat":[728,731,737,735],"product_tag":[],"_links":{"self":[{"href":"https:\/\/zam.novoterm.pl\/index.php\/wp-json\/wp\/v2\/product\/85082"}],"collection":[{"href":"https:\/\/zam.novoterm.pl\/index.php\/wp-json\/wp\/v2\/product"}],"about":[{"href":"https:\/\/zam.novoterm.pl\/index.php\/wp-json\/wp\/v2\/types\/product"}],"replies":[{"embeddable":true,"href":"https:\/\/zam.novoterm.pl\/index.php\/wp-json\/wp\/v2\/comments?post=85082"}],"wp:featuredmedia":[{"embeddable":true,"href":"https:\/\/zam.novoterm.pl\/index.php\/wp-json\/wp\/v2\/media\/127838"}],"wp:attachment":[{"href":"https:\/\/zam.novoterm.pl\/index.php\/wp-json\/wp\/v2\/media?parent=85082"}],"wp:term":[{"taxonomy":"product_cat","embeddable":true,"href":"https:\/\/zam.novoterm.pl\/index.php\/wp-json\/wp\/v2\/product_cat?post=85082"},{"taxonomy":"product_tag","embeddable":true,"href":"https:\/\/zam.novoterm.pl\/index.php\/wp-json\/wp\/v2\/product_tag?post=85082"}],"curies":[{"name":"wp","href":"https:\/\/api.w.org\/{rel}","templated":true}]}}