{"id":75374,"date":"2021-09-30T17:40:31","date_gmt":"2021-09-30T15:40:31","guid":{"rendered":"https:\/\/zam.novoterm.pl\/index.php\/produkt\/rozeta-przelacznika-funkcji-do-kabiny-hydromasazowej-kerra-petrus\/"},"modified":"2026-04-15T08:14:17","modified_gmt":"2026-04-15T06:14:17","slug":"rozeta-przelacznika-funkcji-do-kabiny-hydromasazowej-kerra-petrus","status":"publish","type":"product","link":"https:\/\/zam.novoterm.pl\/index.php\/produkt\/rozeta-przelacznika-funkcji-do-kabiny-hydromasazowej-kerra-petrus\/","title":{"rendered":"rozeta prze\u0142\u0105cznika funkcji do kabiny hydromasa\u017cowej Kerra &#8222;Petrus&#8221;"},"content":{"rendered":"","protected":false},"excerpt":{"rendered":"","protected":false},"featured_media":130420,"comment_status":"closed","ping_status":"open","template":"","meta":[],"product_cat":[728,731],"product_tag":[],"_links":{"self":[{"href":"https:\/\/zam.novoterm.pl\/index.php\/wp-json\/wp\/v2\/product\/75374"}],"collection":[{"href":"https:\/\/zam.novoterm.pl\/index.php\/wp-json\/wp\/v2\/product"}],"about":[{"href":"https:\/\/zam.novoterm.pl\/index.php\/wp-json\/wp\/v2\/types\/product"}],"replies":[{"embeddable":true,"href":"https:\/\/zam.novoterm.pl\/index.php\/wp-json\/wp\/v2\/comments?post=75374"}],"wp:featuredmedia":[{"embeddable":true,"href":"https:\/\/zam.novoterm.pl\/index.php\/wp-json\/wp\/v2\/media\/130420"}],"wp:attachment":[{"href":"https:\/\/zam.novoterm.pl\/index.php\/wp-json\/wp\/v2\/media?parent=75374"}],"wp:term":[{"taxonomy":"product_cat","embeddable":true,"href":"https:\/\/zam.novoterm.pl\/index.php\/wp-json\/wp\/v2\/product_cat?post=75374"},{"taxonomy":"product_tag","embeddable":true,"href":"https:\/\/zam.novoterm.pl\/index.php\/wp-json\/wp\/v2\/product_tag?post=75374"}],"curies":[{"name":"wp","href":"https:\/\/api.w.org\/{rel}","templated":true}]}}