{"id":72535,"date":"2021-07-13T17:12:57","date_gmt":"2021-07-13T15:12:57","guid":{"rendered":"https:\/\/zam.novoterm.pl\/index.php\/produkt\/uchwyt-polki-do-kabiny-hydromasazowej-kerra-bjorg-natryskowej-beta\/"},"modified":"2026-04-15T01:10:31","modified_gmt":"2026-04-14T23:10:31","slug":"uchwyt-polki-do-kabiny-hydromasazowej-kerra-bjorg-natryskowej-beta","status":"publish","type":"product","link":"https:\/\/zam.novoterm.pl\/index.php\/produkt\/uchwyt-polki-do-kabiny-hydromasazowej-kerra-bjorg-natryskowej-beta\/","title":{"rendered":"uchwyt p\u00f3\u0142ki do kabiny hydromasa\u017cowej Kerra &#8222;Bjorg&#8221;\/natryskowej &#8222;Beta&#8221;"},"content":{"rendered":"","protected":false},"excerpt":{"rendered":"","protected":false},"featured_media":130139,"comment_status":"closed","ping_status":"open","template":"","meta":[],"product_cat":[728,731,737],"product_tag":[],"_links":{"self":[{"href":"https:\/\/zam.novoterm.pl\/index.php\/wp-json\/wp\/v2\/product\/72535"}],"collection":[{"href":"https:\/\/zam.novoterm.pl\/index.php\/wp-json\/wp\/v2\/product"}],"about":[{"href":"https:\/\/zam.novoterm.pl\/index.php\/wp-json\/wp\/v2\/types\/product"}],"replies":[{"embeddable":true,"href":"https:\/\/zam.novoterm.pl\/index.php\/wp-json\/wp\/v2\/comments?post=72535"}],"wp:featuredmedia":[{"embeddable":true,"href":"https:\/\/zam.novoterm.pl\/index.php\/wp-json\/wp\/v2\/media\/130139"}],"wp:attachment":[{"href":"https:\/\/zam.novoterm.pl\/index.php\/wp-json\/wp\/v2\/media?parent=72535"}],"wp:term":[{"taxonomy":"product_cat","embeddable":true,"href":"https:\/\/zam.novoterm.pl\/index.php\/wp-json\/wp\/v2\/product_cat?post=72535"},{"taxonomy":"product_tag","embeddable":true,"href":"https:\/\/zam.novoterm.pl\/index.php\/wp-json\/wp\/v2\/product_tag?post=72535"}],"curies":[{"name":"wp","href":"https:\/\/api.w.org\/{rel}","templated":true}]}}