{"id":72454,"date":"2021-07-13T17:10:32","date_gmt":"2021-07-13T15:10:32","guid":{"rendered":"https:\/\/zam.novoterm.pl\/index.php\/produkt\/waz-przylaczeniowy-do-zestawu-natryskowego-loge-denis-60-63\/"},"modified":"2026-04-14T17:50:23","modified_gmt":"2026-04-14T15:50:23","slug":"waz-przylaczeniowy-do-zestawu-natryskowego-loge-denis-60-63","status":"publish","type":"product","link":"https:\/\/zam.novoterm.pl\/index.php\/produkt\/waz-przylaczeniowy-do-zestawu-natryskowego-loge-denis-60-63\/","title":{"rendered":"w\u0105\u017c przy\u0142\u0105czeniowy do zestawu natryskowego Loge &#8222;Denis 60\/63&#8221;"},"content":{"rendered":"","protected":false},"excerpt":{"rendered":"","protected":false},"featured_media":130099,"comment_status":"closed","ping_status":"open","template":"","meta":[],"product_cat":[728,743],"product_tag":[],"_links":{"self":[{"href":"https:\/\/zam.novoterm.pl\/index.php\/wp-json\/wp\/v2\/product\/72454"}],"collection":[{"href":"https:\/\/zam.novoterm.pl\/index.php\/wp-json\/wp\/v2\/product"}],"about":[{"href":"https:\/\/zam.novoterm.pl\/index.php\/wp-json\/wp\/v2\/types\/product"}],"replies":[{"embeddable":true,"href":"https:\/\/zam.novoterm.pl\/index.php\/wp-json\/wp\/v2\/comments?post=72454"}],"wp:featuredmedia":[{"embeddable":true,"href":"https:\/\/zam.novoterm.pl\/index.php\/wp-json\/wp\/v2\/media\/130099"}],"wp:attachment":[{"href":"https:\/\/zam.novoterm.pl\/index.php\/wp-json\/wp\/v2\/media?parent=72454"}],"wp:term":[{"taxonomy":"product_cat","embeddable":true,"href":"https:\/\/zam.novoterm.pl\/index.php\/wp-json\/wp\/v2\/product_cat?post=72454"},{"taxonomy":"product_tag","embeddable":true,"href":"https:\/\/zam.novoterm.pl\/index.php\/wp-json\/wp\/v2\/product_tag?post=72454"}],"curies":[{"name":"wp","href":"https:\/\/api.w.org\/{rel}","templated":true}]}}