{"id":72011,"date":"2021-07-13T16:44:52","date_gmt":"2021-07-13T14:44:52","guid":{"rendered":"https:\/\/zam.novoterm.pl\/index.php\/produkt\/szyba-drzwiowa-z-uszczelka-magnetyczna-do-kabiny-hydromasazowej-kerra-xl\/"},"modified":"2026-04-15T01:11:32","modified_gmt":"2026-04-14T23:11:32","slug":"szyba-drzwiowa-z-uszczelka-magnetyczna-do-kabiny-hydromasazowej-kerra-xl","status":"publish","type":"product","link":"https:\/\/zam.novoterm.pl\/index.php\/produkt\/szyba-drzwiowa-z-uszczelka-magnetyczna-do-kabiny-hydromasazowej-kerra-xl\/","title":{"rendered":"szyba drzwiowa z uszczelk\u0105 magnetyczn\u0105 do kabiny hydromasa\u017cowej Kerra &#8222;XL&#8221;"},"content":{"rendered":"","protected":false},"excerpt":{"rendered":"","protected":false},"featured_media":129816,"comment_status":"closed","ping_status":"open","template":"","meta":[],"product_cat":[728,731],"product_tag":[],"_links":{"self":[{"href":"https:\/\/zam.novoterm.pl\/index.php\/wp-json\/wp\/v2\/product\/72011"}],"collection":[{"href":"https:\/\/zam.novoterm.pl\/index.php\/wp-json\/wp\/v2\/product"}],"about":[{"href":"https:\/\/zam.novoterm.pl\/index.php\/wp-json\/wp\/v2\/types\/product"}],"replies":[{"embeddable":true,"href":"https:\/\/zam.novoterm.pl\/index.php\/wp-json\/wp\/v2\/comments?post=72011"}],"wp:featuredmedia":[{"embeddable":true,"href":"https:\/\/zam.novoterm.pl\/index.php\/wp-json\/wp\/v2\/media\/129816"}],"wp:attachment":[{"href":"https:\/\/zam.novoterm.pl\/index.php\/wp-json\/wp\/v2\/media?parent=72011"}],"wp:term":[{"taxonomy":"product_cat","embeddable":true,"href":"https:\/\/zam.novoterm.pl\/index.php\/wp-json\/wp\/v2\/product_cat?post=72011"},{"taxonomy":"product_tag","embeddable":true,"href":"https:\/\/zam.novoterm.pl\/index.php\/wp-json\/wp\/v2\/product_tag?post=72011"}],"curies":[{"name":"wp","href":"https:\/\/api.w.org\/{rel}","templated":true}]}}