{"id":71873,"date":"2021-07-13T16:41:16","date_gmt":"2021-07-13T14:41:16","guid":{"rendered":"https:\/\/zam.novoterm.pl\/index.php\/produkt\/miska-wc-podwieszana-delos-z-deska-bialy-polysk\/"},"modified":"2026-04-22T01:30:43","modified_gmt":"2026-04-21T23:30:43","slug":"miska-wc-podwieszana-delos-z-deska-bialy-polysk","status":"publish","type":"product","link":"https:\/\/zam.novoterm.pl\/index.php\/produkt\/miska-wc-podwieszana-delos-z-deska-bialy-polysk\/","title":{"rendered":"Miska WC podwieszana Delos z desk\u0105 (bia\u0142y po\u0142ysk)"},"content":{"rendered":"","protected":false},"excerpt":{"rendered":"","protected":false},"featured_media":125376,"comment_status":"closed","ping_status":"open","template":"","meta":[],"product_cat":[749,748,750,819],"product_tag":[],"_links":{"self":[{"href":"https:\/\/zam.novoterm.pl\/index.php\/wp-json\/wp\/v2\/product\/71873"}],"collection":[{"href":"https:\/\/zam.novoterm.pl\/index.php\/wp-json\/wp\/v2\/product"}],"about":[{"href":"https:\/\/zam.novoterm.pl\/index.php\/wp-json\/wp\/v2\/types\/product"}],"replies":[{"embeddable":true,"href":"https:\/\/zam.novoterm.pl\/index.php\/wp-json\/wp\/v2\/comments?post=71873"}],"wp:featuredmedia":[{"embeddable":true,"href":"https:\/\/zam.novoterm.pl\/index.php\/wp-json\/wp\/v2\/media\/125376"}],"wp:attachment":[{"href":"https:\/\/zam.novoterm.pl\/index.php\/wp-json\/wp\/v2\/media?parent=71873"}],"wp:term":[{"taxonomy":"product_cat","embeddable":true,"href":"https:\/\/zam.novoterm.pl\/index.php\/wp-json\/wp\/v2\/product_cat?post=71873"},{"taxonomy":"product_tag","embeddable":true,"href":"https:\/\/zam.novoterm.pl\/index.php\/wp-json\/wp\/v2\/product_tag?post=71873"}],"curies":[{"name":"wp","href":"https:\/\/api.w.org\/{rel}","templated":true}]}}