{"id":151886,"date":"2026-02-18T18:11:16","date_gmt":"2026-02-18T17:11:16","guid":{"rendered":"https:\/\/zam.novoterm.pl\/index.php\/produkt\/umywalka-ceramiczna-nablatowa-wolnostojaca-kr-9035\/"},"modified":"2026-04-08T01:41:46","modified_gmt":"2026-04-07T23:41:46","slug":"umywalka-ceramiczna-nablatowa-wolnostojaca-kr-9035","status":"publish","type":"product","link":"https:\/\/zam.novoterm.pl\/index.php\/produkt\/umywalka-ceramiczna-nablatowa-wolnostojaca-kr-9035\/","title":{"rendered":"Umywalka ceramiczna nablatowa wolnostoj\u0105ca KR-9035"},"content":{"rendered":"<div id=\"main-characteristics-description\" class=\"o-product-detail-informations__description js-description-bloc \">\n<p>Owalna umywalka nablatowa w bia\u0142ym, ponadczasowym wyko\u0144czeniu. \u015awietnie skomponuje si\u0119 z wysok\u0105 bateri\u0105 sanitarn\u0105 zamontowan\u0105 na blacie \u0142azienkowym. Model bez otworu na bateri\u0119 oraz przelewu.<\/p>\n<\/div>\n<table width=\"403\">\n<tbody>\n<tr>\n<td width=\"246\">PARAMETR<\/td>\n<td width=\"157\">WARTO\u015a\u0106<\/td>\n<\/tr>\n<tr>\n<td>Model<\/td>\n<td>KR-9035<\/td>\n<\/tr>\n<tr>\n<td>Marka<\/td>\n<td>Kerra<\/td>\n<\/tr>\n<tr>\n<td>EAN<\/td>\n<td>5907548125743<\/td>\n<\/tr>\n<tr>\n<td>Kod producenta<\/td>\n<td>KR-9035<\/td>\n<\/tr>\n<tr>\n<td>Rodzaj<\/td>\n<td>owalna<\/td>\n<\/tr>\n<tr>\n<td>Spos\u00f3b monta\u017cu<\/td>\n<td>nablatowa<\/td>\n<\/tr>\n<tr>\n<td>Materia\u0142<\/td>\n<td>ceramika<\/td>\n<\/tr>\n<tr>\n<td>Kolor<\/td>\n<td>bia\u0142y<\/td>\n<\/tr>\n<tr>\n<td>Wyko\u0144czenie<\/td>\n<td>po\u0142ysk<\/td>\n<\/tr>\n<tr>\n<td>Elementy dekoracyjne<\/td>\n<td>brak<\/td>\n<\/tr>\n<tr>\n<td>Otw\u00f3r na bateri\u0119<\/td>\n<td>NIE<\/td>\n<\/tr>\n<tr>\n<td>Przelew<\/td>\n<td>NIE<\/td>\n<\/tr>\n<tr>\n<td>Waga produktu z opakowaniem kg<\/td>\n<td>12<\/td>\n<\/tr>\n<tr>\n<td>Maksymalna d\u0142ugo\u015b\u0107 cm<\/td>\n<td>36<\/td>\n<\/tr>\n<tr>\n<td>Maksymalna szeroko\u015b\u0107 cm<\/td>\n<td>50<\/td>\n<\/tr>\n<tr>\n<td>Maksymalna wysoko\u015b\u0107 cm<\/td>\n<td>14,5<\/td>\n<\/tr>\n<\/tbody>\n<\/table>\n","protected":false},"excerpt":{"rendered":"<p>Owalna umywalka nablatowa w bia\u0142ym, ponadczasowym wyko\u0144czeniu. \u015awietnie skomponuje si\u0119 z wysok\u0105 bateri\u0105 sanitarn\u0105 zamontowan\u0105 na blacie \u0142azienkowym. Model bez otworu na bateri\u0119 oraz przelewu. PARAMETR WARTO\u015a\u0106 Model KR-9035 Marka Kerra EAN 5907548125743 Kod producenta KR-9035 Rodzaj owalna Spos\u00f3b monta\u017cu nablatowa Materia\u0142 ceramika Kolor bia\u0142y Wyko\u0144czenie po\u0142ysk Elementy dekoracyjne brak Otw\u00f3r na bateri\u0119 NIE Przelew &hellip;<\/p>\n","protected":false},"featured_media":151887,"comment_status":"closed","ping_status":"open","template":"","meta":[],"product_cat":[749,748,770,771],"product_tag":[],"_links":{"self":[{"href":"https:\/\/zam.novoterm.pl\/index.php\/wp-json\/wp\/v2\/product\/151886"}],"collection":[{"href":"https:\/\/zam.novoterm.pl\/index.php\/wp-json\/wp\/v2\/product"}],"about":[{"href":"https:\/\/zam.novoterm.pl\/index.php\/wp-json\/wp\/v2\/types\/product"}],"replies":[{"embeddable":true,"href":"https:\/\/zam.novoterm.pl\/index.php\/wp-json\/wp\/v2\/comments?post=151886"}],"wp:featuredmedia":[{"embeddable":true,"href":"https:\/\/zam.novoterm.pl\/index.php\/wp-json\/wp\/v2\/media\/151887"}],"wp:attachment":[{"href":"https:\/\/zam.novoterm.pl\/index.php\/wp-json\/wp\/v2\/media?parent=151886"}],"wp:term":[{"taxonomy":"product_cat","embeddable":true,"href":"https:\/\/zam.novoterm.pl\/index.php\/wp-json\/wp\/v2\/product_cat?post=151886"},{"taxonomy":"product_tag","embeddable":true,"href":"https:\/\/zam.novoterm.pl\/index.php\/wp-json\/wp\/v2\/product_tag?post=151886"}],"curies":[{"name":"wp","href":"https:\/\/api.w.org\/{rel}","templated":true}]}}