{"id":141837,"date":"2025-07-26T18:01:42","date_gmt":"2025-07-26T16:01:42","guid":{"rendered":"https:\/\/zam.novoterm.pl\/index.php\/produkt\/wlacznik-oswietlenia-do-oakpu-kuchennego-focus-treviso\/"},"modified":"2026-04-09T18:21:32","modified_gmt":"2026-04-09T16:21:32","slug":"wlacznik-oswietlenia-do-oakpu-kuchennego-focus-treviso","status":"publish","type":"product","link":"https:\/\/zam.novoterm.pl\/index.php\/produkt\/wlacznik-oswietlenia-do-oakpu-kuchennego-focus-treviso\/","title":{"rendered":"w\u0142\u0105cznik o\u015bwietlenia do oakpu kuchennego Focus Treviso"},"content":{"rendered":"","protected":false},"excerpt":{"rendered":"","protected":false},"featured_media":141838,"comment_status":"closed","ping_status":"open","template":"","meta":[],"product_cat":[842,728],"product_tag":[],"_links":{"self":[{"href":"https:\/\/zam.novoterm.pl\/index.php\/wp-json\/wp\/v2\/product\/141837"}],"collection":[{"href":"https:\/\/zam.novoterm.pl\/index.php\/wp-json\/wp\/v2\/product"}],"about":[{"href":"https:\/\/zam.novoterm.pl\/index.php\/wp-json\/wp\/v2\/types\/product"}],"replies":[{"embeddable":true,"href":"https:\/\/zam.novoterm.pl\/index.php\/wp-json\/wp\/v2\/comments?post=141837"}],"wp:featuredmedia":[{"embeddable":true,"href":"https:\/\/zam.novoterm.pl\/index.php\/wp-json\/wp\/v2\/media\/141838"}],"wp:attachment":[{"href":"https:\/\/zam.novoterm.pl\/index.php\/wp-json\/wp\/v2\/media?parent=141837"}],"wp:term":[{"taxonomy":"product_cat","embeddable":true,"href":"https:\/\/zam.novoterm.pl\/index.php\/wp-json\/wp\/v2\/product_cat?post=141837"},{"taxonomy":"product_tag","embeddable":true,"href":"https:\/\/zam.novoterm.pl\/index.php\/wp-json\/wp\/v2\/product_tag?post=141837"}],"curies":[{"name":"wp","href":"https:\/\/api.w.org\/{rel}","templated":true}]}}