{"id":113579,"date":"2024-07-18T19:00:22","date_gmt":"2024-07-18T17:00:22","guid":{"rendered":"https:\/\/zam.novoterm.pl\/index.php\/produkt\/zestaw-montazowy-polpostumentu-umywalki-kerra-kleopatra-14\/"},"modified":"2026-04-09T18:20:14","modified_gmt":"2026-04-09T16:20:14","slug":"zestaw-montazowy-polpostumentu-umywalki-kerra-kleopatra-14","status":"publish","type":"product","link":"https:\/\/zam.novoterm.pl\/index.php\/produkt\/zestaw-montazowy-polpostumentu-umywalki-kerra-kleopatra-14\/","title":{"rendered":"zestaw monta\u017cowy p\u00f3\u0142postumentu umywalki Kerra &#8222;Kleopatra 14&#8221;"},"content":{"rendered":"","protected":false},"excerpt":{"rendered":"","protected":false},"featured_media":127383,"comment_status":"closed","ping_status":"open","template":"","meta":[],"product_cat":[744,728],"product_tag":[],"_links":{"self":[{"href":"https:\/\/zam.novoterm.pl\/index.php\/wp-json\/wp\/v2\/product\/113579"}],"collection":[{"href":"https:\/\/zam.novoterm.pl\/index.php\/wp-json\/wp\/v2\/product"}],"about":[{"href":"https:\/\/zam.novoterm.pl\/index.php\/wp-json\/wp\/v2\/types\/product"}],"replies":[{"embeddable":true,"href":"https:\/\/zam.novoterm.pl\/index.php\/wp-json\/wp\/v2\/comments?post=113579"}],"wp:featuredmedia":[{"embeddable":true,"href":"https:\/\/zam.novoterm.pl\/index.php\/wp-json\/wp\/v2\/media\/127383"}],"wp:attachment":[{"href":"https:\/\/zam.novoterm.pl\/index.php\/wp-json\/wp\/v2\/media?parent=113579"}],"wp:term":[{"taxonomy":"product_cat","embeddable":true,"href":"https:\/\/zam.novoterm.pl\/index.php\/wp-json\/wp\/v2\/product_cat?post=113579"},{"taxonomy":"product_tag","embeddable":true,"href":"https:\/\/zam.novoterm.pl\/index.php\/wp-json\/wp\/v2\/product_tag?post=113579"}],"curies":[{"name":"wp","href":"https:\/\/api.w.org\/{rel}","templated":true}]}}