{"id":113561,"date":"2024-07-18T19:00:14","date_gmt":"2024-07-18T17:00:14","guid":{"rendered":"https:\/\/zam.novoterm.pl\/index.php\/produkt\/uszczelka-3-4-do-nakretki-przylaczeniowej-do-baterii-sanitarnej-sciennej-loge-alto-alto-sati-apollo-ares-asmin-avilla-boston-capri-cascada-dallas-denver-dionizos-economico-elizabeth-epoca-eser-luxor\/"},"modified":"2026-04-09T18:20:10","modified_gmt":"2026-04-09T16:20:10","slug":"uszczelka-3-4-do-nakretki-przylaczeniowej-do-baterii-sanitarnej-sciennej-loge-alto-alto-sati-apollo-ares-asmin-avilla-boston-capri-cascada-dallas-denver-dionizos-economico-elizabeth-epoca-eser-luxor","status":"publish","type":"product","link":"https:\/\/zam.novoterm.pl\/index.php\/produkt\/uszczelka-3-4-do-nakretki-przylaczeniowej-do-baterii-sanitarnej-sciennej-loge-alto-alto-sati-apollo-ares-asmin-avilla-boston-capri-cascada-dallas-denver-dionizos-economico-elizabeth-epoca-eser-luxor\/","title":{"rendered":"uszczelka 3\/4&#8243; do nakr\u0119tki przy\u0142\u0105czeniowej do baterii sanitarnej \u015bciennej Loge &#8222;Alto\/Alto Sati\/Apollo\/Ares\/Asmin\/Avilla\/Boston\/Capri\/Cascada\/Dallas\/Denver\/Dionizos\/Economico\/Elizabeth\/Epoca\/Eser\/Luxor\/Maroko\/Octavia\/Selena\/Tino\/Vegas\/Victorian&#8221;"},"content":{"rendered":"","protected":false},"excerpt":{"rendered":"","protected":false},"featured_media":127373,"comment_status":"closed","ping_status":"open","template":"","meta":[],"product_cat":[730,728],"product_tag":[],"_links":{"self":[{"href":"https:\/\/zam.novoterm.pl\/index.php\/wp-json\/wp\/v2\/product\/113561"}],"collection":[{"href":"https:\/\/zam.novoterm.pl\/index.php\/wp-json\/wp\/v2\/product"}],"about":[{"href":"https:\/\/zam.novoterm.pl\/index.php\/wp-json\/wp\/v2\/types\/product"}],"replies":[{"embeddable":true,"href":"https:\/\/zam.novoterm.pl\/index.php\/wp-json\/wp\/v2\/comments?post=113561"}],"wp:featuredmedia":[{"embeddable":true,"href":"https:\/\/zam.novoterm.pl\/index.php\/wp-json\/wp\/v2\/media\/127373"}],"wp:attachment":[{"href":"https:\/\/zam.novoterm.pl\/index.php\/wp-json\/wp\/v2\/media?parent=113561"}],"wp:term":[{"taxonomy":"product_cat","embeddable":true,"href":"https:\/\/zam.novoterm.pl\/index.php\/wp-json\/wp\/v2\/product_cat?post=113561"},{"taxonomy":"product_tag","embeddable":true,"href":"https:\/\/zam.novoterm.pl\/index.php\/wp-json\/wp\/v2\/product_tag?post=113561"}],"curies":[{"name":"wp","href":"https:\/\/api.w.org\/{rel}","templated":true}]}}