{"id":104073,"date":"2023-11-13T19:00:37","date_gmt":"2023-11-13T18:00:37","guid":{"rendered":"https:\/\/zam.novoterm.pl\/index.php\/produkt\/rurka-przylacze-zimnej-wody-do-przeplywowego-ogrzewacza-wody-novoterm-fat-35-55\/"},"modified":"2026-04-08T18:11:24","modified_gmt":"2026-04-08T16:11:24","slug":"rurka-przylacze-zimnej-wody-do-przeplywowego-ogrzewacza-wody-novoterm-fat-35-55","status":"publish","type":"product","link":"https:\/\/zam.novoterm.pl\/index.php\/produkt\/rurka-przylacze-zimnej-wody-do-przeplywowego-ogrzewacza-wody-novoterm-fat-35-55\/","title":{"rendered":"rurka\/przy\u0142\u0105cze zimnej wody do przep\u0142ywowego ogrzewacza wody Novoterm &#8222;FAT 3,5\/5,5&#8221;"},"content":{"rendered":"","protected":false},"excerpt":{"rendered":"","protected":false},"featured_media":127085,"comment_status":"closed","ping_status":"open","template":"","meta":[],"product_cat":[728,745],"product_tag":[],"_links":{"self":[{"href":"https:\/\/zam.novoterm.pl\/index.php\/wp-json\/wp\/v2\/product\/104073"}],"collection":[{"href":"https:\/\/zam.novoterm.pl\/index.php\/wp-json\/wp\/v2\/product"}],"about":[{"href":"https:\/\/zam.novoterm.pl\/index.php\/wp-json\/wp\/v2\/types\/product"}],"replies":[{"embeddable":true,"href":"https:\/\/zam.novoterm.pl\/index.php\/wp-json\/wp\/v2\/comments?post=104073"}],"wp:featuredmedia":[{"embeddable":true,"href":"https:\/\/zam.novoterm.pl\/index.php\/wp-json\/wp\/v2\/media\/127085"}],"wp:attachment":[{"href":"https:\/\/zam.novoterm.pl\/index.php\/wp-json\/wp\/v2\/media?parent=104073"}],"wp:term":[{"taxonomy":"product_cat","embeddable":true,"href":"https:\/\/zam.novoterm.pl\/index.php\/wp-json\/wp\/v2\/product_cat?post=104073"},{"taxonomy":"product_tag","embeddable":true,"href":"https:\/\/zam.novoterm.pl\/index.php\/wp-json\/wp\/v2\/product_tag?post=104073"}],"curies":[{"name":"wp","href":"https:\/\/api.w.org\/{rel}","templated":true}]}}