{"id":101894,"date":"2023-09-21T09:17:25","date_gmt":"2023-09-21T07:17:25","guid":{"rendered":"https:\/\/zam.novoterm.pl\/index.php\/produkt\/kabina-prysznicowa-tiara-90x90-polokragla-z-brodzikiem\/"},"modified":"2026-04-12T18:00:31","modified_gmt":"2026-04-12T16:00:31","slug":"kabina-prysznicowa-tiara-90x90-polokragla-z-brodzikiem","status":"publish","type":"product","link":"https:\/\/zam.novoterm.pl\/index.php\/produkt\/kabina-prysznicowa-tiara-90x90-polokragla-z-brodzikiem\/","title":{"rendered":"Kabina prysznicowa Tiara 90&#215;90 p\u00f3\u0142okr\u0105g\u0142a z brodzikiem"},"content":{"rendered":"","protected":false},"excerpt":{"rendered":"","protected":false},"featured_media":101895,"comment_status":"closed","ping_status":"open","template":"","meta":[],"product_cat":[780,781,748],"product_tag":[],"_links":{"self":[{"href":"https:\/\/zam.novoterm.pl\/index.php\/wp-json\/wp\/v2\/product\/101894"}],"collection":[{"href":"https:\/\/zam.novoterm.pl\/index.php\/wp-json\/wp\/v2\/product"}],"about":[{"href":"https:\/\/zam.novoterm.pl\/index.php\/wp-json\/wp\/v2\/types\/product"}],"replies":[{"embeddable":true,"href":"https:\/\/zam.novoterm.pl\/index.php\/wp-json\/wp\/v2\/comments?post=101894"}],"wp:featuredmedia":[{"embeddable":true,"href":"https:\/\/zam.novoterm.pl\/index.php\/wp-json\/wp\/v2\/media\/101895"}],"wp:attachment":[{"href":"https:\/\/zam.novoterm.pl\/index.php\/wp-json\/wp\/v2\/media?parent=101894"}],"wp:term":[{"taxonomy":"product_cat","embeddable":true,"href":"https:\/\/zam.novoterm.pl\/index.php\/wp-json\/wp\/v2\/product_cat?post=101894"},{"taxonomy":"product_tag","embeddable":true,"href":"https:\/\/zam.novoterm.pl\/index.php\/wp-json\/wp\/v2\/product_tag?post=101894"}],"curies":[{"name":"wp","href":"https:\/\/api.w.org\/{rel}","templated":true}]}}